{"id":442,"date":"2018-12-23T00:42:17","date_gmt":"2018-12-23T00:42:17","guid":{"rendered":"http:\/\/adventistas.org.do\/?page_id=442"},"modified":"2019-01-12T15:28:25","modified_gmt":"2019-01-12T15:28:25","slug":"la-familia","status":"publish","type":"page","link":"https:\/\/adventistas.org.do\/?page_id=442","title":{"rendered":"LA FAMILIA"},"content":{"rendered":"\n\t<p><\/p>\n<h2 class=\"wp-block-heading\">EL AMOR DE DIOS ILUSTRADO<\/h2>\n<p><\/p>\n<p><\/p>\n<h3 class=\"wp-block-heading\">En el Ed\u00e9n, Dios estableci\u00f3 la primera familia. Despu\u00e9s de crear a Ad\u00e1n, dijo: \u201cNo es bueno que el hombre est\u00e9 solo: le har\u00e9 ayuda id\u00f3nea para \u00e9l\u201d (G\u00e9nesis 2:18).\u00a0A partir de una costilla de Ad\u00e1n, Dios form\u00f3 a Eva. Entonces les dijo: \u201cFructificad y multiplicaos\u201d (G\u00e9nesis 1:28). Los ni\u00f1os habr\u00edan de realzar la uni\u00f3n y garantizar el futuro de la raza humana.<\/h3>\n<p><\/p>\n<p><\/p>\n<p>A lo largo de la historia, las familias han formado la unidad b\u00e1sica de la sociedad. La escritora Elena White, una de las fundadoras de la iglesia, escribi\u00f3: \u201cEl v\u00ednculo de la familia es el m\u00e1s estrecho, el m\u00e1s tierno y sagrado de la tierra\u201d (<em>El hogar cristiano<\/em>, p. 14).<\/p>\n<p>A pesar de ello, a lo largo de la historia, Satan\u00e1s ha atacado a las familias, ya sea mediante la poligamia, el adulterio, la rivalidad entre hermanos, la homosexualidad y la pornograf\u00eda. Cuando las familias sufren fracturas, lo mismo sucede con los individuos del grupo familiar.<\/p>\n<p><\/p>\n<p><\/p>\n<p>Gracias a Dios, su obra se enfoca en la preservaci\u00f3n y restauraci\u00f3n de las familias. La Biblia brinda numerosos ejemplos del poder restaurador de Dios, tales como el caso de la mujer atrapada en adulterio (Juan 8:1-11) y el del hijo pr\u00f3digo (Lucas 15:11-32).<\/p>\n<p>Asimismo, Dios usa las relaciones familiares como s\u00edmbolos de su relaci\u00f3n con nosotros. En repetidas ocasiones, Jes\u00fas se refiri\u00f3 a Dios como \u201cNuestro padre\u201d y a s\u00ed mismo como \u201cel Esposo\u201d.<\/p>\n<p><\/p>\n<p><\/p>\n<p>Jes\u00fas quiso comunicar que Dios, al igual que un buen padre, se siente conectado para siempre con nosotros, y que desea bendecirnos y salvarnos. Y al igual que un esposo amante, Jes\u00fas nos trata con perd\u00f3n y devoci\u00f3n.<\/p>\n<p>El libro de Oseas culmina con las palabras del Se\u00f1or a su pueblo: \u201cTe desposar\u00e9 conmigo para siempre; te desposar\u00e9 conmigo en justicia, juicio, benignidad y misericordia\u201d (Oseas 2:19).<\/p>\n<p><\/p>\n\t<p><\/p>\n<h2 class=\"wp-block-heading\">NUESTRAS CREENCIAS<\/h2>\n<p>Las creencias adventistas tienen el prop\u00f3sito de impregnar toda la vida. Surgen a partir de escrituras que presentan un retrato convincente de Dios, y nos invitan a explorar, experimentar y conocer a Aquel que desea restaurarnos a la plenitud.<\/p>\n<p><a href=\"http:\/\/adventistas.org.do\/?page_id=965\">LEER M\u00c1S<\/a><\/p>\n<p><\/p>\n","protected":false},"excerpt":{"rendered":"","protected":false},"author":1,"featured_media":0,"parent":0,"menu_order":0,"comment_status":"closed","ping_status":"closed","template":"","meta":{"footnotes":""},"class_list":["post-442","page","type-page","status-publish","hentry"],"_links":{"self":[{"href":"https:\/\/adventistas.org.do\/index.php?rest_route=\/wp\/v2\/pages\/442","targetHints":{"allow":["GET"]}}],"collection":[{"href":"https:\/\/adventistas.org.do\/index.php?rest_route=\/wp\/v2\/pages"}],"about":[{"href":"https:\/\/adventistas.org.do\/index.php?rest_route=\/wp\/v2\/types\/page"}],"author":[{"embeddable":true,"href":"https:\/\/adventistas.org.do\/index.php?rest_route=\/wp\/v2\/users\/1"}],"replies":[{"embeddable":true,"href":"https:\/\/adventistas.org.do\/index.php?rest_route=%2Fwp%2Fv2%2Fcomments&post=442"}],"version-history":[{"count":3,"href":"https:\/\/adventistas.org.do\/index.php?rest_route=\/wp\/v2\/pages\/442\/revisions"}],"predecessor-version":[{"id":1073,"href":"https:\/\/adventistas.org.do\/index.php?rest_route=\/wp\/v2\/pages\/442\/revisions\/1073"}],"wp:attachment":[{"href":"https:\/\/adventistas.org.do\/index.php?rest_route=%2Fwp%2Fv2%2Fmedia&parent=442"}],"curies":[{"name":"wp","href":"https:\/\/api.w.org\/{rel}","templated":true}]}}