{"id":450,"date":"2018-12-23T00:45:21","date_gmt":"2018-12-23T00:45:21","guid":{"rendered":"http:\/\/adventistas.org.do\/?page_id=450"},"modified":"2019-01-12T16:31:42","modified_gmt":"2019-01-12T16:31:42","slug":"libertad-religiosa","status":"publish","type":"page","link":"https:\/\/adventistas.org.do\/?page_id=450","title":{"rendered":"LIBERTAD RELIGIOSA"},"content":{"rendered":"\n\t<p><\/p>\n<h2 class=\"wp-block-heading\">LA LIBERTAD DE CREER<\/h2>\n<p><\/p>\n<p><\/p>\n<h3 class=\"wp-block-heading\">La Iglesia Adventista del S\u00e9ptimo D\u00eda cree fuertemente en la libertad religiosa para todas las personas. La conciencia de una persona, no el gobierno, deber\u00eda dictar sus elecciones de adoraci\u00f3n o de falta de ella.<\/h3>\n<p><\/p>\n<p><\/p>\n<p>Mediante la obra del Departamento de Relaciones P\u00fablicas y Libertad Religiosa (PARL), hemos defendido estos objetivos durante m\u00e1s de cien a\u00f1os ante gobiernos y organizaciones religiosas nacionales e internacionales.<\/p>\n<p><\/p>\n<p><\/p>\n<p>Esta defensa asume muchas formas: la lucha contra leyes que coarten las libertades religiosas individuales; el trabajo para liberar a individuos encarcelados por cuestiones religiosas; y el apoyo de los derechos de los individuos despedidos de su trabajo por seguir su conciencia, por nombrar unas pocas.<\/p>\n<p><\/p>\n<p><\/p>\n<p>Como la voz oficial de la Iglesia Adventista en cuestiones de libertad religiosa y derechos humanos, el PARL tiene oficinas en Washington D.C., lo que le permite un acceso conveniente al Congreso de los Estados Unidos; en la ciudad de Nueva York, para tener un enlace con las Naciones Unidas; y en la sede central de la Iglesia Adventista en Silver Spring, Maryland. El PARL tambi\u00e9n auspicia la Asociaci\u00f3n Internacional de Libertad Religiosa (<a href=\"http:\/\/www.irla.org\/\">IRLA<\/a>) en nombre de la Iglesia Adventista. La <a href=\"http:\/\/www.irla.org\/\">IRLA<\/a> es una organizaci\u00f3n no sectaria que apoya la libertad religiosa en el mundo.<\/p>\n<p><\/p>\n<p><\/p>\n<p>La <a href=\"http:\/\/www.irla.org\/\">IRLA<\/a>, que es la primera organizaci\u00f3n de este tipo, re\u00fane a representantes de muchas religiosas, incluidos cat\u00f3licos, bautistas, musulmanes, jud\u00edos, mormones y budistas, entre otros, para apoyar la libertad religiosa. El PARL y la <a href=\"http:\/\/www.irla.org\/\">IRLA<\/a> promueven esta cooperaci\u00f3n vital mediante conferencias, festivales de libertad religiosa y otros eventos, creando una conciencia colectiva y educando a los funcionarios de gobierno de diversas partes del mundo.<\/p>\n<p><\/p>\n<p><\/p>\n<p>Esta prioridad es de vital importancia para la Iglesia Adventista del S\u00e9ptimo D\u00eda. Aunque somos una denominaci\u00f3n que est\u00e1 creciendo r\u00e1pidamente en el mundo, la iglesia constituye a menudo una minor\u00eda religiosa y, en consecuencia, comprende la importancia de garantizar que se permita expresarse a todas las voces.<\/p>\n<p><\/p>\n<p><\/p>\n<p>La Iglesia Adventista cree que luchar contra la opresi\u00f3n religiosa y defender el derecho de un individuo de adorar de acuerdo con su conciencia, sin importar la afiliaci\u00f3n religiosa de esa persona, favorece a todas las personas.<\/p>\n<p><\/p>\n\t<p><\/p>\n<h2 class=\"wp-block-heading\">NUESTRAS CREENCIAS<\/h2>\n<p>Las creencias adventistas tienen el prop\u00f3sito de impregnar toda la vida. Surgen a partir de escrituras que presentan un retrato convincente de Dios, y nos invitan a explorar, experimentar y conocer a Aquel que desea restaurarnos a la plenitud.<\/p>\n<p><a href=\"http:\/\/adventistas.org.do\/?page_id=965\">LEER M\u00c1S<\/a><\/p>\n<p><\/p>\n","protected":false},"excerpt":{"rendered":"","protected":false},"author":1,"featured_media":0,"parent":0,"menu_order":0,"comment_status":"closed","ping_status":"closed","template":"","meta":{"footnotes":""},"class_list":["post-450","page","type-page","status-publish","hentry"],"_links":{"self":[{"href":"https:\/\/adventistas.org.do\/index.php?rest_route=\/wp\/v2\/pages\/450","targetHints":{"allow":["GET"]}}],"collection":[{"href":"https:\/\/adventistas.org.do\/index.php?rest_route=\/wp\/v2\/pages"}],"about":[{"href":"https:\/\/adventistas.org.do\/index.php?rest_route=\/wp\/v2\/types\/page"}],"author":[{"embeddable":true,"href":"https:\/\/adventistas.org.do\/index.php?rest_route=\/wp\/v2\/users\/1"}],"replies":[{"embeddable":true,"href":"https:\/\/adventistas.org.do\/index.php?rest_route=%2Fwp%2Fv2%2Fcomments&post=450"}],"version-history":[{"count":5,"href":"https:\/\/adventistas.org.do\/index.php?rest_route=\/wp\/v2\/pages\/450\/revisions"}],"predecessor-version":[{"id":1093,"href":"https:\/\/adventistas.org.do\/index.php?rest_route=\/wp\/v2\/pages\/450\/revisions\/1093"}],"wp:attachment":[{"href":"https:\/\/adventistas.org.do\/index.php?rest_route=%2Fwp%2Fv2%2Fmedia&parent=450"}],"curies":[{"name":"wp","href":"https:\/\/api.w.org\/{rel}","templated":true}]}}