{"id":461,"date":"2018-12-23T00:50:06","date_gmt":"2018-12-23T00:50:06","guid":{"rendered":"http:\/\/adventistas.org.do\/?page_id=461"},"modified":"2019-01-12T15:53:56","modified_gmt":"2019-01-12T15:53:56","slug":"la-salvacion","status":"publish","type":"page","link":"https:\/\/adventistas.org.do\/?page_id=461","title":{"rendered":"LA SALVACI\u00d3N"},"content":{"rendered":"\n\t<p><\/p>\n<h2 class=\"wp-block-heading\">ARMON\u00cdA INTERRUMPIDA<\/h2>\n<p><\/p>\n<p><\/p>\n<h3 class=\"wp-block-heading\">El amor. La armon\u00eda. La perfecci\u00f3n. Hubo un momento cuando toda la creaci\u00f3n entonaba la misma gloriosa canci\u00f3n.<\/h3>\n<p><\/p>\n<p><\/p>\n<p>La desarmon\u00eda irrumpi\u00f3 cuando un ser que era perfecto abus\u00f3 de la libertad que Dios le hab\u00eda dado. Satan\u00e1s, \u201cel Acusador\u201d, escogi\u00f3 el ego\u00edsmo y la calumnia en lugar de la verdad y el amor. Satan\u00e1s afirm\u00f3 que Dios no era justo, que era duro y controlador, priv\u00e1ndole a otros de lo que se merec\u00edan.<\/p>\n<p><\/p>\n<p><\/p>\n<p>El enga\u00f1o de Satan\u00e1s se llev\u00f3 una tercera parte de los \u00e1ngeles celestiales, que Dios expuls\u00f3 del cielo. Satan\u00e1s reclam\u00f3 el se\u00f1or\u00edo de nuestro planeta cuando enga\u00f1\u00f3 a la primera pareja, Ad\u00e1n y Eva, llev\u00e1ndolos a dudar de que Dios era amante y digno de confianza. Ese primer pecado distorsion\u00f3 la imagen de Dios en nosotros, volviendo al mundo contra s\u00ed mismo y poni\u00e9ndolo en peligro de autodestruirse.<\/p>\n<p><\/p>\n<p><\/p>\n<p>El \u201cgran conflicto\u201d sobre el car\u00e1cter de Dios, sobre el bien y el mal, no ha terminado. A pesar de ello, Jes\u00fas, el propio Hijo de Dios, resolvi\u00f3 hace dos mil a\u00f1os esa pregunta fundamental cuando dio su vida por la humanidad.<\/p>\n<p><\/p>\n<p><\/p>\n<p>\u00bfCu\u00e1n profundo es el amor de Dios? La muerte sacrificial de Cristo mostr\u00f3 que Dios estuvo dispuesto a pagar un costo incalculable por nuestros pecados. Su sacrificio revel\u00f3 el verdadero horror del pecado y dej\u00f3 en claro que se puede confiar en Dios. \u00bfPor qu\u00e9 la muerte de Cristo hizo una diferencia semejante? Porque Jes\u00fas vivi\u00f3 la vida perfecta que nosotros no pod\u00edamos vivir y muri\u00f3 la muerte que cada uno de nosotros merec\u00eda.<\/p>\n<p><\/p>\n<p><\/p>\n<p>El resultado: Podemos vivir para \u00e9l, ahora y siempre. El sacrificio de Cristo nos reconcilia con un Dios perfecto y transforma nuestros corazones. El Esp\u00edritu Santo nos muestra la necesidad que tenemos de Dios y nos garantiza que somos salvados y estamos perdonados. El Esp\u00edritu escribe un nuevo mensaje en nuestro coraz\u00f3n, capacit\u00e1ndonos para vivir en libertad, servicio y alegr\u00eda. Dios nos trata como si jam\u00e1s hubi\u00e9ramos pecado, jam\u00e1s dudado, jam\u00e1s apartado del camino.<\/p>\n<p><\/p>\n<p><\/p>\n<p>El mismo Jes\u00fas que someti\u00f3 a los demonios durante su vida declar\u00f3 por su muerte la victoria sobre todos los poderes del mal. La resurrecci\u00f3n de Jes\u00fas garantiza que la muerte misma dejar\u00e1 de existir. Nuestra nueva vida en Jes\u00fas nos libera del temor de la muerte y la verg\u00fcenza de nuestro pasado.<\/p>\n<p><\/p>\n<p><\/p>\n<p>Al conectarnos con Jes\u00fas, el Esp\u00edritu Santo calma nuestro coraz\u00f3n y nos transforma la visi\u00f3n. Nuestra vida espiritual crece a medida que hablamos con Dios, meditamos en su Palabra, compartimos nuestra fe y adoramos mediante la m\u00fasica y el compa\u00f1erismo.<\/p>\n<p><\/p>\n<p><\/p>\n<hr \/>\n<p><\/p>\n<p><\/p>\n<h2 class=\"wp-block-heading\"><a href=\"http:\/\/adventistas.org.do\/el-gran-conflicto\/\">EL GRAN CONFLICTO<\/a><\/h2>\n<p><\/p>\n<p><\/p>\n<p>Satan\u00e1s acus\u00f3 a Dios de no ser digno de confianza y de ser injusto. Dios nos dio la libertad de escoger, y la historia humana muestra el resultado de la rebeli\u00f3n, y el incre\u00edble poder del amor de Dios para salvarnos.<\/p>\n<p><\/p>\n<p><\/p>\n<p><a href=\"http:\/\/adventistas.org.do\/el-gran-conflicto\/\">LEER M\u00c1S<\/a><\/p>\n<p><\/p>\n<p><\/p>\n<hr \/>\n<p><\/p>\n<p><\/p>\n<h2 class=\"wp-block-heading\"><a href=\"http:\/\/adventistas.org.do\/la-vida-muerte-y-resurreccion-de-cristo\/\">LA VIDA, MUERTE Y RESURRECCI\u00d3N DE CRISTO<\/a><\/h2>\n<p><\/p>\n<p><\/p>\n<p>Dios env\u00edo a Jes\u00fas, su Hijo, para vivir la vida perfecta que nosotros no pod\u00edamos y para morir la muerte que nos merec\u00edamos. Cuando aceptamos el sacrificio de Cristo, tenemos acceso a la vida eterna.<\/p>\n<p><\/p>\n<p><\/p>\n<p><a href=\"http:\/\/adventistas.org.do\/la-vida-muerte-y-resurreccion-de-cristo\/\">LEER M\u00c1S<\/a><\/p>\n<p><\/p>\n<p><\/p>\n<hr \/>\n<p><\/p>\n<p><\/p>\n<h2 class=\"wp-block-heading\"><a href=\"http:\/\/adventistas.org.do\/la-experiencia-de-salvacion\/\">LA EXPERIENCIA DE SALVACI\u00d3N<\/a><\/h2>\n<p><\/p>\n<p><\/p>\n<p>El Esp\u00edritu Santo revela nuestra necesidad de Cristo y, cuando aceptamos la gracia y la salvaci\u00f3n de Dios, nos hace nuevas criaturas. El Esp\u00edritu edifica nuestra fe y nos ayuda a dejar atr\u00e1s una vida quebrantada.<\/p>\n<p><\/p>\n<p><\/p>\n<p><a href=\"http:\/\/adventistas.org.do\/la-experiencia-de-salvacion\/\">LEER M\u00c1S<\/a><\/p>\n<p><\/p>\n<p><\/p>\n<hr \/>\n<p><\/p>\n<p><\/p>\n<h2 class=\"wp-block-heading\"><a href=\"http:\/\/adventistas.org.do\/crecimiento-en-cristo\/\">CRECIMIENTO EN CRISTO<\/a><\/h2>\n<p><\/p>\n<p><\/p>\n<p>La salvaci\u00f3n transforma nuestra manera de ver el mundo. Ya no tememos el pasado o el futuro, sino que abrazamos un presente lleno de esperanza, amor, entusiasmo y alabanza, porque el Esp\u00edritu vive en nosotros.<\/p>\n<p><\/p>\n<p><\/p>\n<p><a href=\"http:\/\/adventistas.org.do\/crecimiento-en-cristo\/\">LEER M\u00c1S<\/a><\/p>\n<p><\/p>\n<h2>NUESTRAS CREENCIAS<\/h2>\n<p>Las creencias adventistas tienen el prop\u00f3sito de impregnar toda la vida. Surgen a partir de escrituras que presentan un retrato convincente de Dios, y nos invitan a explorar, experimentar y conocer a Aquel que desea restaurarnos a la plenitud.<\/p>\n<p><a href=\"http:\/\/adventistas.org.do\/?page_id=965\">LEER M\u00c1S<\/a><\/p>\n","protected":false},"excerpt":{"rendered":"","protected":false},"author":1,"featured_media":0,"parent":0,"menu_order":0,"comment_status":"closed","ping_status":"closed","template":"","meta":{"footnotes":""},"class_list":["post-461","page","type-page","status-publish","hentry"],"_links":{"self":[{"href":"https:\/\/adventistas.org.do\/index.php?rest_route=\/wp\/v2\/pages\/461","targetHints":{"allow":["GET"]}}],"collection":[{"href":"https:\/\/adventistas.org.do\/index.php?rest_route=\/wp\/v2\/pages"}],"about":[{"href":"https:\/\/adventistas.org.do\/index.php?rest_route=\/wp\/v2\/types\/page"}],"author":[{"embeddable":true,"href":"https:\/\/adventistas.org.do\/index.php?rest_route=\/wp\/v2\/users\/1"}],"replies":[{"embeddable":true,"href":"https:\/\/adventistas.org.do\/index.php?rest_route=%2Fwp%2Fv2%2Fcomments&post=461"}],"version-history":[{"count":4,"href":"https:\/\/adventistas.org.do\/index.php?rest_route=\/wp\/v2\/pages\/461\/revisions"}],"predecessor-version":[{"id":1082,"href":"https:\/\/adventistas.org.do\/index.php?rest_route=\/wp\/v2\/pages\/461\/revisions\/1082"}],"wp:attachment":[{"href":"https:\/\/adventistas.org.do\/index.php?rest_route=%2Fwp%2Fv2%2Fmedia&parent=461"}],"curies":[{"name":"wp","href":"https:\/\/api.w.org\/{rel}","templated":true}]}}